7
Let l(k) = k**3 + 15*k**2 + 12*k - 29. What is l(-14)?
-1
Let d(m) = -m**3 - 5*m**2 - 18*m - 41. Calculate d(-4).
15
Let r(y) = y + 6. Give r(-13).
-7
Let x(r) = r**3 - 16*r**2 + 2*r - 9. Give x(16).
23
Let c(d) = -10*d - 40. What is c(-4)?
0
Let t(l) = -3*l - 14. Determine t(-8).
10
Let u(r) = -2*r**2 + 2*r - 9. Calculate u(8).
-121
Let q(m) = -m - 15. Determine q(-16).
1
Let q(l) = -9*l + 70. Determine q(7).
7
Let d(w) = -w**3 - 6*w**2 - 5*w + 4. Give d(-4).
-8
Let z(m) = -m**2 + 14*m + 2. Give z(13).
15
Let n(k) = 3*k**2 + 2*k - 6. Determine n(0).
-6
Let l(z) = z**2 + 5*z + 6. Determine l(-9).
42
Let x(q) = 7*q**2 - 4*q + 10. Determine x(2).
30
Let k(v) = v**3 + 22*v**2 + 2. What is k(-22)?
2
Let j(i) = i**3 + 5*i**2 + 6*i + 9. Give j(-4).
1
Let j(g) = -7*g**2 - 11*g - 42. Calculate j(-4).
-110
Let n(c) = -c**3 + 6*c**2 - 29*c + 110. Give n(5).
-10
Let c(o) = o - 3. What is c(-3)?
-6
Let p(g) = 2*g + 5. Calculate p(2).
9
Let q(g) = g**3 + g**2 - g - 2. Determine q(-3).
-17
Let c(j) = j - 7. Give c(23).
16
Let n(i) = 89*i + 1. Determine n(1).
90
Let l(b) = -b**3 - 5*b**2 + b - 7. Calculate l(-6).
23
Let q(k) = -2*k**2 + 11*k - 3. Calculate q(9).
-66
Let p(j) = 3*j**2 + 47*j - 24. Calculate p(-16).
-8
Let g(q) = q**2 + 6*q - 10. What is g(-7)?
-3
Let f(z) = z**2 + 5*z - 11. Calculate f(-9).
25
Let k(r) = -32*r - 39. What is k(-1)?
-7
Let j(i) = -40*i - 244. Determine j(-5).
-44
Let c(y) = -5*y + 3. Calculate c(-5).
28
Let k(l) = -l**3 + 7*l**2 - l + 4. What is k(6)?
34
Let x(s) = s**3 + 7*s**2 - 4*s - 5. Calculate x(-8).
-37
Let b(v) = -2*v + 10. Give b(4).
2
Let w(q) = q**3 + 11*q**2 - 10*q - 4. Give w(-12).
-28
Let v(f) = 2*f**3 - 12*f**2 - 2*f + 6. Calculate v(6).
-6
Let n(p) = -8*p - 63. What is n(-3)?
-39
Let o(s) = s**2 + 3*s + 1. Determine o(-1).
-1
Let y(s) = -s**3 - 35*s**2 + s + 37. Give y(-35).
2
Let t(j) = j**3 + 7*j**2 + 2*j - 38. Give t(-6).
-14
Let t(z) = z**3 + 15*z**2 + 3*z - 5. What is t(-15)?
-50
Let o(q) = q**2 - 4*q - 3. What is o(4)?
-3
Let s(v) = -v + 3. What is s(7)?
-4
Let z(s) = 17*s - 51. Determine z(3).
0
Let p(o) = o**3 + 13*o**2 - 166*o + 46. What is p(-21)?
4
Let p(a) = -46*a - 822. Calculate p(-18).
6
Let r(x) = -37*x + 377. Determine r(10).
7
Let n(s) = -s**2 + 8*s + 4. Give n(9).
-5
Let o(z) = -z**2 + 23*z - 76. Determine o(19).
0
Let d(n) = -n**2 + 178*n - 2440. Give d(15).
5
Let n(q) = q**3 - 7*q**2 + 4*q + 4. Determine n(7).
32
Let u(q) = 3*q - 48. What is u(0)?
-48
Let u(t) = -5*t**2 - 17*t. Give u(-6).
-78
Let v(w) = 71*w + 137. What is v(-2)?
-5
Let k(p) = 4*p**3 + 5*p**2 - 8*p - 5. Determine k(-4).
-149
Let t(y) = -2*y**3 + 4*y**2 + 3*y - 6. Give t(3).
-15
Let s(i) = 5*i. Calculate s(5).
25
Let r(v) = -v**2 - 37*v - 127. What is r(-33)?
5
Let p(o) = -4*o**2 - 5*o + 2. What is p(-3)?
-19
Let b(y) = -3*y**3 - y**2 - 1. What is b(2)?
-29
Let w(k) = 5*k - 25. Calculate w(6).
5
Let r(h) = -h + 6. What is r(17)?
-11
Let u(a) = a**2 - 6*a + 7. Determine u(6).
7
Let a(n) = -6*n - 179. Give a(-31).
7
Let p(t) = -4*t - 18. What is p(-16)?
46
Let y(c) = -94*c - 1. Determine y(-1).
93
Let x(k) = 4*k - 10. Determine x(6).
14
Let b(a) = 14*a - 6. Give b(0).
-6
Let c(w) = w + 49. What is c(23)?
72
Let k(d) = 6*d - 7. Give k(5).
23
Let v(p) = -p**3 + 4*p**2 - 2*p - 1. Calculate v(4).
-9
Let r(i) = i**3 - 8*i**2 + 5*i + 14. What is r(7)?
0
Let v(d) = -8*d - 1. Determine v(-1).
7
Let i(f) = -f**2 - f + 13. Determine i(-5).
-7
Let r(t) = -t**3 - 17*t**2 - 20*t - 62. Determine r(-16).
2
Let a(q) = -3*q**3 - 47*q**2 + 16*q + 7. Give a(-16).
7
Let s(t) = t + 29. Calculate s(-9).
20
Let p(o) = o**3 + o**2 - 12*o + 3. What is p(3)?
3
Let m(z) = z - 5. What is m(4)?
-1
Let z(x) = -21*x - 7. Give z(3).
-70
Let l(m) = -2*m**3 - 9*m**2 + 4*m + 2. Calculate l(2).
-42
Let k(n) = 2*n**3 - 5*n**2 - 8*n + 7. Give k(5).
92
Let y(z) = -2*z**3 - 9*z**2 + 34*z + 6. Give y(-7).
13
Let c(j) = 2*j**3 - 41*j**2 - 19*j - 43. What is c(21)?
-1
Let p(d) = 8*d - 26. Give p(4).
6
Let l(h) = h**3 + 8*h**2 + 14*h + 11. Give l(-6).
-1
Let t(a) = 4*a + 31. Give t(-10).
-9
Let z(t) = t**3 + 5*t**2 + t + 6. Give z(-5).
1
Let i(v) = -2*v**2 - 5*v + 43. Calculate i(-5).
18
Let h(m) = 2*m**3 - 16*m**2 + m - 10. What is h(8)?
-2
Let n(q) = 3*q + 37. Calculate n(-8).
13
Let q(k) = 18*k - 3. What is q(-4)?
-75
Let p(b) = -b**2 + 4*b + 12. Give p(5).
7
Let m(n) = 16*n - 35. Give m(2).
-3
Let x(v) = -46*v - 132. Determine x(-3).
6
Let j(a) = -a**2 - 29*a - 204. Determine j(-11).
-6
Let q(y) = -y**3 + 17*y**2 - 4*y + 70. Calculate q(17).
2
Let u(n) = -5*n + 51. Give u(0).
51
Let v(q) = q**3 - 3*q**2 - 3*q + 10. Give v(2).
0
Let w(h) = -2*h**2 - 2*h + 7. What is w(-4)?
-17
Let a(h) = -h**3 - 16*h**2 + 33*h - 38. What is a(-18)?
16
Let y(l) = -8*l + 9. Calculate y(2).
-7
Let h(j) = 8*j - 48. What is h(7)?
8
Let s(y) = y**3 + 3*y**2 - 8*y - 2. Give s(-4).
14
Let y(n) = 5*n**2 - 5*n - 13. Calculate y(-2).
17
Let j(y) = -y + 11. Give j(3).
8
Let k(y) = y**3 + 10*y**2 - 2*y - 15. Calculate k(-10).
5
Let n(p) = -4*p - 3. Determine n(-10).
37
Let o(a) = -a**2 - 13*a + 21. What is o(-13)?
21
Let u(q) = -q**3 + 14*q**2 + 14*q - 19. Determine u(15).
-34
Let l(a) = -a**2 + 10*a + 31. What is l(13)?
-8
Let i(n) = 13*n - 5. Determine i(1).
8
Let g(b) = -b**2 - 35*b + 683. Determine g(14).
-3
Let q(x) = -4*x - 1. Determine q(9).
-37
Let w(o) = 2*o - 27. Calculate w(12).
-3
Let d(c) = c + 1. Give d(12).
13
Let y(k) = 15*k + 30. Give y(-3).
-15
Let i(f) = f - 17. Give i(7).
-10
Let i(l) = -20*l + 27. Give i(0).
27
Let x(i) = i + 34. Determine x(-13).
21
Let b(n) = -2*n + 11. What is b(5)?
1
Let a(h) = h**3 - 13*h**2 - 18*h + 11. Determine a(14).
-45
Let m(g) = g**2 + 18*g + 26. Calculate m(-16).
-6
Let t(s) = 2*s**2 - 5*s + 6. Determine t(2).
4
Let z(h) = -h**3 - h**2 + h + 1. Give z(-3).
16
Let r(t) = 6*t + 10. Calculate r(-7).
-32
Let p(r) = r**2 - 10*r - 4. Calculate p(10).
-4
Let n(d) = -d**2 - 2*d + 8. Calculate n(0).
8
Let b(s) = s**3 - 4*s**2 - s - 8. What is b(5)?
12
Let o(n) = -n**2 - 8*n - 1. Calculate o(-6).
11
Let y(m) = m - 18. Determine y(-13).
-31
Let a(l) = -5*l + 4. Determine a(-9).
49
Let v(r) = -30*r - 385. Give v(-13).
5
Let g(a) = -14*a + 59. Calculate g(4).
3
Let p(h) = 13*h + 215. Give p(-16).
7
Let n(r) = -2*r**2 + 25*r - 49. What is n(8)?
23
Let x(j) = -j**2 + 70. What is x(-9)?
-11
Let z(m) = m**3 + 9*m**2 - m - 14. Calculate z(-9).
-5
Let p(r) = -r + 9. Calculate p(5).
4
Let c(u) = -3*u**2 - 40*u - 22. Calculate c(-12).
26
Let r(u) = 5*u + 6. Determine r(3).
21
Let l(f) = f - 62. Give l(-14).
-76
Let w(v) = 9*v + 32. What is w(-5)?
-13
Let w(k) = 18*k - 70. Determine w(4).
2
Let a(z) = 9*z + 31. Determine a(-4).
-5
Let h(q) = 3*q**2 - 45*q + 48. Determine h(14).
6
Let a(y) = 2*y**3 + 18*y**2 + 25*y - 16. Give a(-7).
5
Let g(r) = -r**2 - 3*r + 10. Determine g(-6).
-8
Let y(q) = 12*q - 4. Calculate y(5).
56
Let h(k) = -k**3 - 5*k**2 + 2*k - 5. What is h(-6)?
19
Let b(i) = -2*i**2 - 33*i + 23. Calculate b(-18).
-31
Let l(w) = 2*w**3 - 19*w**2 + 24*w - 128. What is l(9)?
7
Let v(u) = -4*u**2 - 16*u - 2. Determine v(-7).
-86
Let o(d) = -d**3 - 10*d**2 + 13*d + 21. Calculate o(-11).
-1
Let a(u) = -74*u + 7. Give a(-1).
81
Let k(f) = -f**3 - 6*f**2 - 16*f - 19. Calculate k(-3).
2
Let x(d) = -17*d + 80. Determine x(5).
-5
Let o(r) = r**2 - 2*r - 15. Determine o(4).
-7
Let l(u) = -12*u**3 + u**2 + 3*u + 2. What is l(-1)?
12
Let m(d) = d**3 - 9*d**2 + d - 11. Calculate m(9).
-2
Let x(p) = p**3 + 5*p**2 + 4*p + 3. Give x(-3).
9
Let y(m) = m**2 - 2*m + 3. Determine y(-6).
51
Let q(p) = 10*p**3 + 4*p + 5. Calculate q(-1).
-9
Let y(d) = 12*d**2 + 97*d + 22. Give y(-8).
14
Let q(x) = -x**3 + 9*x**2 - 17*x + 26. Determine q(5).
41
Let n(j) = j + 18. Determine n(20).
38
Let y(q) = 23*q + 40. What is y(-7)?
-121
Let c(p) = -p**2 - 16*p + 30. Give c(-17).
13
Let g(u) = -u**2 - 2*u - 4. Calculate g(-3).
-7
Let v(m) = 28*m**2 - 2*m + 2. Determine v(2).
110
Let k(x) = 16*x + 141. Give k(-12).
-51
Let o(g) = g - 23. Give o(29).
6
Let x(y) = 12*y + 594. What is x(-48)?
18
Let t(q) = -q**2 - 7*q. Calculate t(-3).
12
Let b(v) = -3*v + 6. Determine b(3).
-3
Let f(d) = 8*d**2 - 4*d + 2. Give f(1).
6
Let j(f) = -f**3 + f**2 - f - 73. Determine j(0).
-73
Let v(c) = -2*c**3 +